MONTHLY CLIMATOLOGICAL SUMMARY for FEB. 2020

NAME:    CITY:  STATE: 
ELEV:  LAT:  LONG: 

                            TEMPERATURE ( F), RAIN (in.), WIND SPEED (mph)

                                               HEAT     COOL           AVG
      MEAN                                     DEG      DEG            WIND                       DOM
DAY   TEMP    HIGH   TIME     LOW    TIME      DAYS     DAYS    RAIN   SPEED    HIGH    TIME      DIR
--------------------------------------------------------------------------------------------------------
01    40.9   051.8   15:06    30.2   01:19     24.0     00.0   00.00   04.1     27.6    21:00      NW
02    51.9   063.1   16:27    39.0   07:21     13.0     00.0   00.00   08.8     35.6    16:46      W 
03    58.8   069.0   15:05    49.7   00:00     06.2     00.0   00.00   03.2     23.0    16:07     WSW
04    58.2   064.9   12:25    48.7   04:01     06.7     00.0   00.00   04.0     21.9    13:39      SW
05    51.0   058.4   10:54    38.8   00:00     13.9     00.0   00.45   01.6     13.8    16:42      NE
06    42.7   049.9   00:00    38.6   01:32     22.2     00.0   02.09   01.4     13.8    19:50      N 
07    42.4   055.8   05:29    32.4   00:00     22.5     00.0   00.21   10.3     44.9    13:57      SW
08    35.3   043.1   14:35    28.9   07:46     29.6     00.0   00.00   03.1     27.6    02:42      SW
09    37.3   051.3   16:20    26.1   07:09     27.7     00.0   00.00   01.3     13.8    11:17     SSW
10    41.5   047.3   14:22    34.3   04:29     23.4     00.0   00.25   01.4     05.8    21:33      N 
11    53.8   064.6   15:46    46.3   01:29     11.2     00.0   00.30   03.2     25.3    23:40     NNW
12    44.6   049.7   00:04    42.4   07:56     20.3     00.0   00.10   01.8     19.6    00:41     NNW
13    46.8   058.7   15:12    40.0   00:00     18.1     00.0   00.29   03.2     34.5    15:50     NNW
14    34.9   040.2   13:00    25.2   00:00     30.0     00.0   00.00   03.9     20.7    14:41      N 
15    27.8   038.5   16:51    17.8   07:38     37.1     00.0   00.00   01.5     12.7    13:27      N 
16    37.7   053.5   15:39    26.1   03:56     27.2     00.0   00.00   01.4     11.5    15:25      N 
17    42.6   054.5   16:34    30.5   07:20     22.4     00.0   00.00   02.3     11.5    15:04      N 
18    43.5   049.7   12:14    35.1   01:13     21.4     00.0   00.04   01.6     11.5    23:48      N 
19    45.5   049.9   16:18    34.4   22:24     19.4     00.0   00.00   04.0     17.3    02:52      N 
20    35.4   039.8   12:18    31.3   00:00     29.5     00.0   00.00   01.6     10.3    01:10      N 
21    33.3   042.3   17:03    25.8   00:00     31.7     00.0   00.00   03.8     18.4    07:31      N 
22    37.4   055.5   15:59    22.5   04:16     27.5     00.0   00.00   03.3     13.8    13:56      N 
23    42.2   061.1   16:47    22.0   07:39     22.7     00.0   00.00   02.5     12.7    20:03      N 
24    42.1   051.6   15:01    31.6   05:31     22.8     00.0   00.04   01.7     11.5    21:59     NNW
25    49.7   060.8   17:05    43.7   03:28     15.2     00.0   00.17   01.4     08.1    03:12      N 
26    48.1   057.3   11:12    38.0   08:00     16.8     00.0   00.15   04.1     32.2    20:31      N 
27    36.5   041.4   14:05    32.6   23:55     28.5     00.0   00.00   09.7     42.5    03:32      N 
28    37.7   045.0   13:39    32.6   00:56     27.3     00.0   00.00   06.3     26.4    15:05      N 
29    33.5   038.3   14:12    29.5   08:53     31.5     00.0   00.00   05.7     33.4    10:07     NNW
--------------------------------------------------------------------------------------------------------
42.5 (42.8)   69.0  day 03     17.8  day 15   649.9    000.0   04.09   03.5     44.9   day 07     NNW
Min <=  86: 29
Min <=  23: 3
Max Rain: 2.09 ON 6-02-20
Days of Rain: 11 (> .008in) 9 (> .08in) 1 (> 0.8in)